the units digit of l(f)?
5
Let r be 2 + 1 - (8 - 202). What is the units digit of 1*r + 10/25*10?
1
Let l be ((-1)/(-3))/(10/60). Suppose -l*j + 2 = 0, -3*q + 38 = -2*j - 8. Suppose -q*h + 15 = -15*h. What is the units digit of h?
5
Let j(t) = 13*t - 8. Suppose 5*r - 70 = -20. Suppose r*x + 18 = 4*o + 5*x, x - 2 = 0. What is the units digit of j(o)?
3
Suppose -3*b - 8865 = -4*r + 3810, -3*r + 4*b + 9508 = 0. What is the tens digit of r?
6
Let r = 386 - 131. What is the units digit of r?
5
Suppose 334 = 3*v - 2*d, -4*v + 2*v = 4*d - 212. What is the tens digit of v?
1
Let u = -7 - 35. Let f be (-2)/3 + u/(-63). Suppose -h = 3*o - f - 1, -39 = -4*h - 5*o. What is the units digit of h?
6
Let u(f) = -7*f - 1. Let v(k) = -k + 4. Let s be v(7). What is the tens digit of u(s)?
2
Let o = -784 - -1419. Suppose 0 = 5*s, -4*s + o = 5*w + s. What is the units digit of w?
7
Suppose 0 = 5*m - 0 - 15. Suppose -m*s - 9 + 189 = 0. What is the units digit of s?
0
Let s(z) be the third derivative of 1/60*z**5 + 0 + 7/24*z**4 + 5*z**2 + 0*z + 2/3*z**3. What is the units digit of s(-10)?
4
Suppose h - 3 + 4 = 0, 3*n - 4*h - 2170 = 0. What is the tens digit of n?
2
Let v = -285 + 619. What is the hundreds digit of v?
3
Suppose 8*m - 3385 = 711. What is the hundreds digit of m?
5
Suppose 2*a + 3*p = 917, 4*a - 5*p + 14 = 1793. What is the units digit of a?
1
Suppose -15867 = -4*o + 1257. What is the units digit of o?
1
Suppose -v = c - 78, -4*c + 2*v + 2*v = -344. What is the tens digit of c?
8
What is the tens digit of 2352/5 + (-352)/55 + 6?
7
Suppose -4*d + 35196 = 17*d. What is the thousands digit of d?
1
Let a(y) = 6*y**2 + 7*y + 17. Let m be a(-3). Let n(b) = b**3 + 4*b**2 - b - 6. Let k be n(-5). Let u = k + m. What is the tens digit of u?
2
What is the hundreds digit of (3/(-1))/((-3)/582*2)?
2
Suppose -7*d + 16 = -5*d. Suppose -5*j = -3*j - d. What is the tens digit of (-20)/25*(-130)/j?
2
Let q = 1606 + -1050. What is the hundreds digit of q?
5
Suppose 14 = -2*n - 20. Let y = n + 19. Suppose v + 3*d = 2*d + 16, -4*v = y*d - 66. What is the tens digit of v?
1
Suppose 9*a - 10*a = -5. Suppose 4*v + a*j = 19, -3*j = 5*v - 8*j - 80. Suppose 16 = l - v. What is the units digit of l?
7
Let w = -33 - -33. Let o be ((-8)/(-6))/((-3)/(-288)). Suppose 4*y + 32 - o = w. What is the units digit of y?
4
Suppose 71*p - 2038 = 3926. Let b = 423 + -261. Suppose -2*t + 5*s + b = 2*t, -2*t + s + p = 0. What is the tens digit of t?
4
What is the tens digit of (-489)/(-2)*(196/3)/14?
4
Suppose -51*d = -46*d. What is the units digit of 94 - (0 - (-4 - d))?
0
Let k be 80/(-15) - -5 - (-2834)/6. What is the units digit of 1/((-12)/k*1/(-3))?
8
Suppose 35 = -4*b - 25. Let n = 21 - b. What is the tens digit of n?
3
What is the tens digit of (155/(-15))/((-9)/243)?
7
Let l(p) = p**3 + 13*p**2 - 12*p + 16. Let b be l(-14). Let a(c) = -c**2 - 15*c + 14. What is the units digit of a(b)?
0
Let i(a) = -3*a**3 - 2*a**2 - 5*a - 4. Let m be i(-2). Let g be 106/(-8) + (-1)/(-4). Let j = m + g. What is the units digit of j?
9
Let h(n) be the second derivative of -n**3/2 + 9*n**2 + 4*n. What is the tens digit of h(-16)?
6
Let t = 6 - 3. Let k be (2 - -2) + 0 - 1. Suppose 5*l = t*d - 16, -d = -0*l - k*l. What is the tens digit of d?
1
Suppose 12*t - 6630 = -3*r + 13*t, -2*t - 4420 = -2*r. What is the thousands digit of r?
2
Let i be (1 + -3)*-2*(-1)/(-2). Let b(h) = 22*h**2 + 4*h - 3. What is the units digit of b(i)?
3
Let g = 10 + -8. Suppose 6*w = g*w + 60. Suppose -18*o = -17*o - w. What is the units digit of o?
5
Let l = -483 - -316. Let c = 347 + l. What is the hundreds digit of c?
1
Let y = 153 + -82. Suppose 0*g - 5*g = -2*p - y, -2*g - 3*p = -17. What is the units digit of g?
3
Suppose -4*m + 222 = -90. What is the units digit of m?
8
Let a(w) = w**3 + w + 30. Let c be a(0). Suppose -4*k + c = -38. What is the units digit of k?
7
Let d be 1*(1 - 3) - -6. Suppose -d*s = 3*h - 24, h + 5*s - 3 = 4*h. Let c(p) = p**2 + 4*p + 3. What is the units digit of c(h)?
5
Let g = -17 - -28. Suppose 0 = 5*u + q - g, -3*u + 3*q = -0*q - 3. Suppose 0*w - u*w + 48 = 0. What is the units digit of w?
4
Let a be 4/(-7)*1197/114. Let n(s) = -10*s - 5. Let x(p) = 19*p + 11. Let y(u) = -7*n(u) - 4*x(u). What is the units digit of y(a)?
7
Let l be ((-4)/(-5))/(8/(-720)). Let o = l + 90. What is the tens digit of o?
1
Let n be 42/12*8/14. Suppose -2*f = n*f - 68. What is the tens digit of f?
1
Let o = -37 + 36. Let t = 42 - o. What is the units digit of t?
3
Suppose p + 420*c - 5148 = 422*c, 20592 = 4*p + c. What is the thousands digit of p?
5
What is the hundreds digit of (-3 - 1603)*(-33)/22?
4
Let q be (-3)/(2 + -5)*2 - -460. Suppose -q + 66 = -3*g. What is the hundreds digit of g?
1
Let n = 321 + 255. What is the tens digit of n?
7
Suppose -993 = -4*f - 3*r, 73*r = 78*r + 25. What is the tens digit of f?
5
Let t = 1385 - 655. What is the hundreds digit of t?
7
Let w(g) = -38*g + 21. Let t be w(16). Let f = 899 + t. What is the hundreds digit of f?
3
Suppose 41*w - 91 - 5772 = 0. What is the tens digit of w?
4
Suppose 37 = z - 0*z - 4*i, 4*i = -5*z + 89. Let h(q) = -5*q - 5. Let u be h(-4). Let v = z - u. What is the units digit of v?
6
Let s be (6 - 8) + (-1 - -1012). Suppose 12*h - 935 = s. What is the units digit of h?
2
Suppose -3*i = 5*i + 1296. Let w = i + 232. What is the units digit of w?
0
Suppose 3*q = -4*h - 2*q - 15, -3*h = -3*q - 9. Let r = 89 + -51. Suppose h = 5*n - r - 32. What is the units digit of n?
4
Suppose -11*w + w + 3440 = 0. What is the units digit of w?
4
Suppose 0 = 5*n + 3*b - 5, -2*n + 0*n + 3*b + 23 = 0. Suppose 0*l = -n*l + 40. What is the tens digit of l?
1
Let l be 2/6*2/((-8)/444). Let j = 73 + l. What is the units digit of j?
6
Let y(o) be the first derivative of 2*o**2 - 2*o - 53. Suppose -3*a + 6*a - 24 = 0. What is the tens digit of y(a)?
3
Suppose -n + 64 = -r + 10, 3*r - 123 = -2*n. What is the units digit of (-430)/(-8) - n/76?
3
Let u(j) = 75*j**2 + 28*j - 16. What is the thousands digit of u(-4)?
1
Suppose 35*f - 47466 = 8*f. What is the thousands digit of f?
1
Let w(m) = 9*m**2 + 2. Let o be w(-4). Let i = o + 86. What is the tens digit of i?
3
Suppose 0*o = 3*o - 9. Let u be 1/o*-3 + 9. What is the tens digit of (-71)/(-2) - (-12)/u?
3
Let c(b) = -8*b + 5. Let q(n) = n**2 - 2*n - 17. Let j be q(5). What is the tens digit of c(j)?
2
Let v(n) = n**2 - 9*n + 2. Let u be v(7). Let k be 6/((-2)/(u/9)). Suppose 0 = -k*x - 4*a + 64, 3*a - 34 = -4*x + 5*a. What is the tens digit of x?
1
Let q(m) = 0 + 2*m + 7 + 2*m + m. Let i(f) = -5*f - 7. Let r(u) = 6*i(u) + 7*q(u). What is the units digit of r(5)?
2
Suppose 975 = 5*q - 2*d, q - 390 = -q + 3*d. Suppose l = 3*f - 7, 5*f + l + 19 - 44 = 0. Suppose -3*x + 0*c = f*c - q, 4*c = -12. What is the tens digit of x?
6
Let s(k) = 0*k + 13*k**2 + 4*k - k - 2*k. What is the tens digit of s(2)?
5
Let j be -7*(-2 + 6)/4. Let d be -2*(-4)/8*j. Let p = d + 8. What is the units digit of p?
1
Suppose -5*v + 4788 = 7*v. Let q = -228 + v. What is the tens digit of q?
7
Suppose 4*b - 1992 = -4*s, b + 790 = -3*s + 2276. What is the hundreds digit of s?
4
Let a = -23 - -47. Suppose 28*b - 29*b + a = 0. What is the tens digit of b?
2
What is the tens digit of (-5682)/(-10) + (-12 - (-531)/45)?
6
Suppose 10 + 45 = 11*w. Suppose -g + 94 = l, -w*g + 153 + 347 = -l. What is the units digit of g?
9
What is the tens digit of (-22)/6 + 7/(-21) + 342?
3
Let y(h) = -h**2 + 19*h - 26. Let n be y(18). What is the tens digit of 414/8 + n/(-32)?
5
Suppose -5*k = -15, 3*w - 6*w + 4*k = -24. Let q = w + 57. What is the tens digit of q?
6
Let u = 75 - 73. Suppose 0*c + 4*r = 3*c - 427, -u*r - 284 = -2*c. What is the units digit of c?
1
Suppose 0 = -4*p + 5*p - g + 36, -p = g + 42. What is the tens digit of (p/6 - 3)*(-24)/6?
3
Let v be 6/18 + 2/(-6). Suppose 4*o - 2*p + 66 = v, 0*p - 6 = -o + 5*p. Let m = -7 - o. What is the units digit of m?
2
What is the thousands digit of (-17 + 19)*3789/6?
1
What is the units digit of 17440/50 + (-6)/(-5)?
0
Let g be 55 + (-7)/(35/(-20)). Let u = g - 30. What is the units digit of u?
9
Suppose m - 2*k + 3 = 8, 0 = -4*m - 2*k + 40. Let i = 76 - m. What is the units digit of i?
7
Let s be (132/(-10))/((-10)/25). Let u =